{"id":178,"date":"2025-03-05T21:41:32","date_gmt":"2025-03-05T19:41:32","guid":{"rendered":"https:\/\/maitevillabeitia.com\/escuela\/?page_id=178"},"modified":"2025-03-05T21:44:14","modified_gmt":"2025-03-05T19:44:14","slug":"declaracion-de-accesibilidad","status":"publish","type":"page","link":"https:\/\/maitevillabeitia.com\/escuela\/declaracion-de-accesibilidad\/","title":{"rendered":"Declaraci\u00f3n de Accesibilidad"},"content":{"rendered":"\t\t<div data-elementor-type=\"wp-page\" data-elementor-id=\"178\" class=\"elementor elementor-178\" data-elementor-post-type=\"page\">\n\t\t\t\t\t\t<section class=\"elementor-section elementor-top-section elementor-element elementor-element-e484b7d elementor-section-boxed elementor-section-height-default elementor-section-height-default\" data-id=\"e484b7d\" data-element_type=\"section\">\n\t\t\t\t\t\t<div class=\"elementor-container elementor-column-gap-default\">\n\t\t\t\t\t<div class=\"elementor-column elementor-col-100 elementor-top-column elementor-element elementor-element-92cb311\" data-id=\"92cb311\" data-element_type=\"column\">\n\t\t\t<div class=\"elementor-widget-wrap elementor-element-populated\">\n\t\t\t\t\t\t<div class=\"elementor-element elementor-element-a22153a elementor-widget elementor-widget-heading\" data-id=\"a22153a\" data-element_type=\"widget\" data-widget_type=\"heading.default\">\n\t\t\t\t<div class=\"elementor-widget-container\">\n\t\t\t\t\t<h2 class=\"elementor-heading-title elementor-size-default\">Declaraci\u00f3n de Accesbilidad<\/h2>\t\t\t\t<\/div>\n\t\t\t\t<\/div>\n\t\t\t\t<div class=\"elementor-element elementor-element-7c9a34c elementor-widget elementor-widget-text-editor\" data-id=\"7c9a34c\" data-element_type=\"widget\" data-widget_type=\"text-editor.default\">\n\t\t\t\t<div class=\"elementor-widget-container\">\n\t\t\t\t\t\t\t\t\t<p><span style=\"font-weight: 400;\">Maite Villabeitia, due\u00f1a de esta p\u00e1gina web,<\/span><span style=\"font-weight: 400;\"> se ha comprometido a hacer accesibles sus sitios web de conformidad con el Real Decreto 1112\/2018, de 7 de septiembre sobre accesibilidad de los sitios web y aplicaciones para dispositivos m\u00f3viles del sector p\u00fablico (en adelante, Real Decreto 1112\/2018, de 7 de septiembre).<\/span><\/p><p><span style=\"font-weight: 400;\">La presente declaraci\u00f3n de accesibilidad se aplica al sitio web https:\/\/maitevillabeitia.com\/escuela.<\/span><\/p><p><b>Situaci\u00f3n de cumplimiento<\/b><\/p><p><span style=\"font-weight: 400;\">Este sitio web es <\/span><b>parcialmente conforme<\/b><span style=\"font-weight: 400;\"> con el Real Decreto 1112\/2018, de 7 de septiembre, debido a la falta de conformidad de los aspectos que se indican a continuaci\u00f3n.<\/span><\/p><p><b>Contenido no accesible<\/b><\/p><p><span style=\"font-weight: 400;\">El contenido que se recoge a continuaci\u00f3n no es accesible por lo siguiente:<\/span><\/p><ul><li style=\"font-weight: 400;\" aria-level=\"1\"><span style=\"font-weight: 400;\">Falta de conformidad con el Real Decreto 1112\/2018, de 7 de septiembre:<\/span><span style=\"font-weight: 400;\"> podr\u00edan existir fallos puntuales de edici\u00f3n en alguna p\u00e1gina web o falta de instrucciones en algunos elementos.<\/span><\/li><li style=\"font-weight: 400;\" aria-level=\"1\"><span style=\"font-weight: 400;\">Carga desproporcionada<\/span><span style=\"font-weight: 400;\">: no aplica.<\/span><\/li><li style=\"font-weight: 400;\" aria-level=\"1\"><span style=\"font-weight: 400;\">El contenido no entra dentro del \u00e1mbito de la legislaci\u00f3n aplicable:<\/span><span style=\"font-weight: 400;\"> pueden existir archivos ofim\u00e1ticos en PDF que no cumplen en su totalidad todos los requisitos de accesibilidad.<\/span><\/li><\/ul><p><b>Preparaci\u00f3n de la presente declaraci\u00f3n de accesibilidad<\/b><\/p><p><span style=\"font-weight: 400;\">La presente declaraci\u00f3n fue preparada el <\/span><b>5 de marzo de 2025.<\/b><\/p><p><span style=\"font-weight: 400;\">El m\u00e9todo empleado para preparar la declaraci\u00f3n ha sido una autoevaluaci\u00f3n llevada a cabo por la empresa de desarrollo web Ana Sastre L\u00f3pez (bajo el nombre de marca Marketing Lib\u00e9lula).<\/span><\/p><p><span style=\"font-weight: 400;\">\u00daltima revisi\u00f3n de la declaraci\u00f3n: <b>5 de marzo de 2025<\/b><\/span><\/p><p><b>Observaciones y datos de contacto<\/b><\/p><p><span style=\"font-weight: 400;\">Puede realizar comunicaciones sobre requisitos de accesibilidad (art\u00edculo 10.2.a) del Real Decreto 1112\/2018, de 7 de septiembre) como, por ejemplo:<\/span><\/p><ul><li style=\"font-weight: 400;\" aria-level=\"1\"><span style=\"font-weight: 400;\">Informar sobre cualquier posible incumplimiento por parte de este sitio web.<\/span><\/li><li style=\"font-weight: 400;\" aria-level=\"1\"><span style=\"font-weight: 400;\">Transmitir otras dificultades de acceso al contenido.<\/span><\/li><li style=\"font-weight: 400;\" aria-level=\"1\"><span style=\"font-weight: 400;\">Formular cualquier otra consulta o sugerencia de mejora relativa a la accesibilidad del sitio web.<\/span><\/li><\/ul><p><span style=\"font-weight: 400;\">A trav\u00e9s de las siguientes v\u00edas:<\/span><\/p><ul><li style=\"font-weight: 400;\" aria-level=\"1\"><span style=\"font-weight: 400;\">Correo electr\u00f3nico: <a href=\"mailto:hola@maitevillabeitia.com\">hola@maitevillabeitia.com<\/a><\/span><\/li><\/ul><p><span style=\"font-weight: 400;\">Las comunicaciones ser\u00e1n recibidas y tratadas por Maite Villabeitia<\/span><span style=\"font-weight: 400;\">, due\u00f1a de la p\u00e1gina web.<\/span><\/p><p><b>Procedimiento de aplicaci\u00f3n<\/b><\/p><p><span style=\"font-weight: 400;\">A trav\u00e9s del correo anterior podr\u00e1 iniciar una reclamaci\u00f3n para conocer y oponerse a los motivos de la desestimaci\u00f3n de una solicitud de informaci\u00f3n accesible o queja, instar la adopci\u00f3n de las medidas oportunas en el caso de no estar de acuerdo con la decisi\u00f3n adoptada, o exponer las razones por las que se considera que la respuesta no cumple con los requisitos exigidos.<\/span><\/p><p><b>Contenido opcional<\/b><\/p><p><span style=\"font-weight: 400;\">La versi\u00f3n actualmente visible de este sitio web es de <\/span><b>16 de marzo de 2023 <\/b><span style=\"font-weight: 400;\">y en esa fecha se hizo la revisi\u00f3n del nivel de accesibilidad vigente en aquel momento.<\/span><\/p><p><span style=\"font-weight: 400;\">A partir de dicha fecha se llevan a cabo revisiones parciales de las p\u00e1ginas y documentos finales posteriormente publicadas, a fin de asegurar el cumplimiento de los requerimientos de accesibilidad de la Norma UNE-EN 301549:2019, considerando las excepciones del Real Decreto 1112\/2018, de 7 de septiembre.<\/span><\/p><p><b>Entre otras se adoptan las siguientes medidas para facilitar la accesibilidad:<\/b><\/p><ul><li style=\"font-weight: 400;\" aria-level=\"1\"><span style=\"font-weight: 400;\">Utilizaci\u00f3n de texto alternativo en las im\u00e1genes<\/span><\/li><li style=\"font-weight: 400;\" aria-level=\"1\"><span style=\"font-weight: 400;\">Los enlaces ofrecen detalles de la funci\u00f3n o destino del hiperv\u00ednculo<\/span><\/li><li style=\"font-weight: 400;\" aria-level=\"1\"><span style=\"font-weight: 400;\">Uso de los est\u00e1ndares del W3C: HTML, CSS 3.0<\/span><\/li><\/ul>\t\t\t\t\t\t\t\t<\/div>\n\t\t\t\t<\/div>\n\t\t\t\t\t<\/div>\n\t\t<\/div>\n\t\t\t\t\t<\/div>\n\t\t<\/section>\n\t\t\t\t<\/div>\n\t\t","protected":false},"excerpt":{"rendered":"<p>Declaraci\u00f3n de Accesbilidad Maite Villabeitia, due\u00f1a de esta p\u00e1gina web, se ha comprometido a hacer accesibles sus sitios web de conformidad con el Real Decreto 1112\/2018, de 7 de septiembre sobre accesibilidad de los sitios web y aplicaciones para dispositivos m\u00f3viles del sector p\u00fablico (en adelante, Real Decreto 1112\/2018, de 7 de septiembre). La presente [&hellip;]<\/p>\n","protected":false},"author":8,"featured_media":0,"parent":0,"menu_order":0,"comment_status":"closed","ping_status":"closed","template":"","meta":{"footnotes":""},"class_list":["post-178","page","type-page","status-publish","hentry"],"yoast_head":"<!-- This site is optimized with the Yoast SEO plugin v26.9 - https:\/\/yoast.com\/product\/yoast-seo-wordpress\/ -->\n<title>Declaraci\u00f3n de Accesibilidad - Escuela Maite Villabeitia<\/title>\n<meta name=\"robots\" content=\"noindex, follow, max-snippet:-1, max-image-preview:large, max-video-preview:-1\" \/>\n<meta property=\"og:locale\" content=\"es_ES\" \/>\n<meta property=\"og:type\" content=\"article\" \/>\n<meta property=\"og:title\" content=\"Declaraci\u00f3n de Accesibilidad - Escuela Maite Villabeitia\" \/>\n<meta property=\"og:description\" content=\"Declaraci\u00f3n de Accesbilidad Maite Villabeitia, due\u00f1a de esta p\u00e1gina web, se ha comprometido a hacer accesibles sus sitios web de conformidad con el Real Decreto 1112\/2018, de 7 de septiembre sobre accesibilidad de los sitios web y aplicaciones para dispositivos m\u00f3viles del sector p\u00fablico (en adelante, Real Decreto 1112\/2018, de 7 de septiembre). La presente [&hellip;]\" \/>\n<meta property=\"og:url\" content=\"https:\/\/maitevillabeitia.com\/escuela\/declaracion-de-accesibilidad\/\" \/>\n<meta property=\"og:site_name\" content=\"Escuela Maite Villabeitia\" \/>\n<meta property=\"article:modified_time\" content=\"2025-03-05T19:44:14+00:00\" \/>\n<meta name=\"twitter:card\" content=\"summary_large_image\" \/>\n<meta name=\"twitter:label1\" content=\"Tiempo de lectura\" \/>\n\t<meta name=\"twitter:data1\" content=\"3 minutos\" \/>\n<script type=\"application\/ld+json\" class=\"yoast-schema-graph\">{\"@context\":\"https:\/\/schema.org\",\"@graph\":[{\"@type\":\"WebPage\",\"@id\":\"https:\/\/maitevillabeitia.com\/escuela\/declaracion-de-accesibilidad\/\",\"url\":\"https:\/\/maitevillabeitia.com\/escuela\/declaracion-de-accesibilidad\/\",\"name\":\"Declaraci\u00f3n de Accesibilidad - Escuela Maite Villabeitia\",\"isPartOf\":{\"@id\":\"https:\/\/maitevillabeitia.com\/escuela\/#website\"},\"datePublished\":\"2025-03-05T19:41:32+00:00\",\"dateModified\":\"2025-03-05T19:44:14+00:00\",\"breadcrumb\":{\"@id\":\"https:\/\/maitevillabeitia.com\/escuela\/declaracion-de-accesibilidad\/#breadcrumb\"},\"inLanguage\":\"es\",\"potentialAction\":[{\"@type\":\"ReadAction\",\"target\":[\"https:\/\/maitevillabeitia.com\/escuela\/declaracion-de-accesibilidad\/\"]}]},{\"@type\":\"BreadcrumbList\",\"@id\":\"https:\/\/maitevillabeitia.com\/escuela\/declaracion-de-accesibilidad\/#breadcrumb\",\"itemListElement\":[{\"@type\":\"ListItem\",\"position\":1,\"name\":\"Inicio\",\"item\":\"https:\/\/maitevillabeitia.com\/escuela\/\"},{\"@type\":\"ListItem\",\"position\":2,\"name\":\"Declaraci\u00f3n de Accesibilidad\"}]},{\"@type\":\"WebSite\",\"@id\":\"https:\/\/maitevillabeitia.com\/escuela\/#website\",\"url\":\"https:\/\/maitevillabeitia.com\/escuela\/\",\"name\":\"Escuela Maite Villabeitia\",\"description\":\"Escuela Maite Villabeitia\",\"publisher\":{\"@id\":\"https:\/\/maitevillabeitia.com\/escuela\/#organization\"},\"potentialAction\":[{\"@type\":\"SearchAction\",\"target\":{\"@type\":\"EntryPoint\",\"urlTemplate\":\"https:\/\/maitevillabeitia.com\/escuela\/?s={search_term_string}\"},\"query-input\":{\"@type\":\"PropertyValueSpecification\",\"valueRequired\":true,\"valueName\":\"search_term_string\"}}],\"inLanguage\":\"es\"},{\"@type\":\"Organization\",\"@id\":\"https:\/\/maitevillabeitia.com\/escuela\/#organization\",\"name\":\"Escuela Maite Villabeitia\",\"url\":\"https:\/\/maitevillabeitia.com\/escuela\/\",\"logo\":{\"@type\":\"ImageObject\",\"inLanguage\":\"es\",\"@id\":\"https:\/\/maitevillabeitia.com\/escuela\/#\/schema\/logo\/image\/\",\"url\":\"https:\/\/maitevillabeitia.com\/escuela\/wp-content\/uploads\/2025\/03\/Maite_Villabeitia_logotipo-1.png.webp\",\"contentUrl\":\"https:\/\/maitevillabeitia.com\/escuela\/wp-content\/uploads\/2025\/03\/Maite_Villabeitia_logotipo-1.png.webp\",\"width\":320,\"height\":120,\"caption\":\"Escuela Maite Villabeitia\"},\"image\":{\"@id\":\"https:\/\/maitevillabeitia.com\/escuela\/#\/schema\/logo\/image\/\"}}]}<\/script>\n<!-- \/ Yoast SEO plugin. -->","yoast_head_json":{"title":"Declaraci\u00f3n de Accesibilidad - Escuela Maite Villabeitia","robots":{"index":"noindex","follow":"follow","max-snippet":"max-snippet:-1","max-image-preview":"max-image-preview:large","max-video-preview":"max-video-preview:-1"},"og_locale":"es_ES","og_type":"article","og_title":"Declaraci\u00f3n de Accesibilidad - Escuela Maite Villabeitia","og_description":"Declaraci\u00f3n de Accesbilidad Maite Villabeitia, due\u00f1a de esta p\u00e1gina web, se ha comprometido a hacer accesibles sus sitios web de conformidad con el Real Decreto 1112\/2018, de 7 de septiembre sobre accesibilidad de los sitios web y aplicaciones para dispositivos m\u00f3viles del sector p\u00fablico (en adelante, Real Decreto 1112\/2018, de 7 de septiembre). La presente [&hellip;]","og_url":"https:\/\/maitevillabeitia.com\/escuela\/declaracion-de-accesibilidad\/","og_site_name":"Escuela Maite Villabeitia","article_modified_time":"2025-03-05T19:44:14+00:00","twitter_card":"summary_large_image","twitter_misc":{"Tiempo de lectura":"3 minutos"},"schema":{"@context":"https:\/\/schema.org","@graph":[{"@type":"WebPage","@id":"https:\/\/maitevillabeitia.com\/escuela\/declaracion-de-accesibilidad\/","url":"https:\/\/maitevillabeitia.com\/escuela\/declaracion-de-accesibilidad\/","name":"Declaraci\u00f3n de Accesibilidad - Escuela Maite Villabeitia","isPartOf":{"@id":"https:\/\/maitevillabeitia.com\/escuela\/#website"},"datePublished":"2025-03-05T19:41:32+00:00","dateModified":"2025-03-05T19:44:14+00:00","breadcrumb":{"@id":"https:\/\/maitevillabeitia.com\/escuela\/declaracion-de-accesibilidad\/#breadcrumb"},"inLanguage":"es","potentialAction":[{"@type":"ReadAction","target":["https:\/\/maitevillabeitia.com\/escuela\/declaracion-de-accesibilidad\/"]}]},{"@type":"BreadcrumbList","@id":"https:\/\/maitevillabeitia.com\/escuela\/declaracion-de-accesibilidad\/#breadcrumb","itemListElement":[{"@type":"ListItem","position":1,"name":"Inicio","item":"https:\/\/maitevillabeitia.com\/escuela\/"},{"@type":"ListItem","position":2,"name":"Declaraci\u00f3n de Accesibilidad"}]},{"@type":"WebSite","@id":"https:\/\/maitevillabeitia.com\/escuela\/#website","url":"https:\/\/maitevillabeitia.com\/escuela\/","name":"Escuela Maite Villabeitia","description":"Escuela Maite Villabeitia","publisher":{"@id":"https:\/\/maitevillabeitia.com\/escuela\/#organization"},"potentialAction":[{"@type":"SearchAction","target":{"@type":"EntryPoint","urlTemplate":"https:\/\/maitevillabeitia.com\/escuela\/?s={search_term_string}"},"query-input":{"@type":"PropertyValueSpecification","valueRequired":true,"valueName":"search_term_string"}}],"inLanguage":"es"},{"@type":"Organization","@id":"https:\/\/maitevillabeitia.com\/escuela\/#organization","name":"Escuela Maite Villabeitia","url":"https:\/\/maitevillabeitia.com\/escuela\/","logo":{"@type":"ImageObject","inLanguage":"es","@id":"https:\/\/maitevillabeitia.com\/escuela\/#\/schema\/logo\/image\/","url":"https:\/\/maitevillabeitia.com\/escuela\/wp-content\/uploads\/2025\/03\/Maite_Villabeitia_logotipo-1.png.webp","contentUrl":"https:\/\/maitevillabeitia.com\/escuela\/wp-content\/uploads\/2025\/03\/Maite_Villabeitia_logotipo-1.png.webp","width":320,"height":120,"caption":"Escuela Maite Villabeitia"},"image":{"@id":"https:\/\/maitevillabeitia.com\/escuela\/#\/schema\/logo\/image\/"}}]}},"_links":{"self":[{"href":"https:\/\/maitevillabeitia.com\/escuela\/wp-json\/wp\/v2\/pages\/178","targetHints":{"allow":["GET"]}}],"collection":[{"href":"https:\/\/maitevillabeitia.com\/escuela\/wp-json\/wp\/v2\/pages"}],"about":[{"href":"https:\/\/maitevillabeitia.com\/escuela\/wp-json\/wp\/v2\/types\/page"}],"author":[{"embeddable":true,"href":"https:\/\/maitevillabeitia.com\/escuela\/wp-json\/wp\/v2\/users\/8"}],"replies":[{"embeddable":true,"href":"https:\/\/maitevillabeitia.com\/escuela\/wp-json\/wp\/v2\/comments?post=178"}],"version-history":[{"count":7,"href":"https:\/\/maitevillabeitia.com\/escuela\/wp-json\/wp\/v2\/pages\/178\/revisions"}],"predecessor-version":[{"id":185,"href":"https:\/\/maitevillabeitia.com\/escuela\/wp-json\/wp\/v2\/pages\/178\/revisions\/185"}],"wp:attachment":[{"href":"https:\/\/maitevillabeitia.com\/escuela\/wp-json\/wp\/v2\/media?parent=178"}],"curies":[{"name":"wp","href":"https:\/\/api.w.org\/{rel}","templated":true}]}}